2*n**2 + 17*n + 1. Calculate the remainder when x(8) is divided by 7.
2
Let m(j) = -3 + 4 + 6*j + 0. What is the remainder when m(9) is divided by (-3 + 6/4)*58/(-3)?
26
Suppose -4*p + 2 = -3*p. What is the remainder when p*(-2)/(-4)*(-13 - -70) is divided by 12?
9
Suppose -2*o = 3*o + 20, 5*h - 55 = -5*o. Calculate the remainder when 20/(-1)*3006/(-835) is divided by h.
12
Let q(b) = -b**3 + 7*b**2 - 4*b - 23. Calculate the remainder when 710 is divided by q(4).
8
Let h(o) = -o**2 + 8*o - 8. Suppose -2*q = i - 3 + 1, -2*q - 4 = 0. What is the remainder when 6 is divided by h(i)?
2
Suppose 3*w - 29 = -x, 2*x + 16 = 2*w - 14. Calculate the remainder when 84 is divided by w.
7
Let l = -485 + 727. What is the remainder when l is divided by 83?
76
Let r = 954 + -466. Calculate the remainder when r is divided by 35.
33
Let d be 1*10 + 54/18. Suppose -16*x = -d*x - 126. Suppose -4*q + 3*q = -22. Calculate the remainder when x is divided by q.
20
Suppose -5*b = -2*y - 3*b + 536, y + 5*b - 256 = 0. Calculate the remainder when y is divided by 4.
2
Suppose z - 4*x = 26, 4*z = -5*x + 35 + 90. What is the remainder when 76 is divided by z?
16
Let z = 36 - -28. What is the remainder when z is divided by (-1)/(6/(-36)) + (-3 - -8)?
9
Let t be -2 + (4 - 159/3). Let n = -27 - t. What is the remainder when 47 is divided by n?
23
Suppose -9*h + 7*h = -6. Suppose 5*w - k = 22, 5*w + 0*k = 3*k + 26. Suppose w*o - b = -4 + 16, h*b - 3 = -o. Calculate the remainder when 5 is divided by o.
2
Suppose 11 = -5*u - 4. Calculate the remainder when (u/4*-5)/((-16)/(-192)) is divided by 12.
9
Let s be 30*-1*(-5)/(-10). Calculate the remainder when 31 is divided by (-13)/(-2) - s/10.
7
Let n(h) = 4*h - 1. Let f = -13 - -18. Suppose -f = -5*q + 15. What is the remainder when 44 is divided by n(q)?
14
Suppose 9*c + 94 = 11*c. Suppose 25 - c = -b. Calculate the remainder when b is divided by 5.
2
Let r = 15 + 49. Suppose r = -5*z + p, z - 2*p = -4*p - 4. Calculate the remainder when 15 is divided by 3*(32/z)/(-1).
7
Let s = -131 + 146. Calculate the remainder when s is divided by 4.
3
Let s(f) = 33*f - 57. What is the remainder when s(4) is divided by 20?
15
Let x(b) be the first derivative of b**3/3 + 12*b + 1. What is the remainder when x(-5) is divided by 10?
7
Suppose -f = -i + 39, 4*i - 852*f + 855*f = 170. Suppose -4*s - k = -58, 0 = s + 4*s - k - 77. Calculate the remainder when i is divided by s.
11
Suppose -4*l + 207 = -93. Let b = 19 + -6. What is the remainder when l is divided by b?
10
Let v = -309 + 323. Calculate the remainder when 446 is divided by v.
12
Let i(x) = -4*x + 1. Let w be 2/(((-7)/(-12))/(-7)). Let b = w + 32. What is the remainder when b is divided by i(-1)?
3
Suppose y - 3 = -2. Let h = 24 + -23. What is the remainder when y/((-28)/29 + h) is divided by 10?
9
Let h(k) = 4*k - 23. Let s = 19 + -9. What is the remainder when 2/(-2) + (47 - -2) is divided by h(s)?
14
Let z(v) = v**3 - 4*v**2 - 3*v + 6. Let t(y) = -y**3 + 7*y**2 + 5*y + 11. Calculate the remainder when t(7) is divided by z(5).
14
Calculate the remainder when ((-15207)/148)/(9/(-24)) is divided by 40.
34
Let u(s) = 27*s - 130. What is the remainder when 253 is divided by u(6)?
29
Let f(g) = g + 20. Let k be f(-12). What is the remainder when 69 is divided by ((-6)/2)/(12/k) + 16?
13
Suppose 4 + 4 = -4*q, 2*q + 40 = j. Calculate the remainder when j is divided by 12.
0
Suppose 3*x + 15 = 0, 3*x = 3*r - 0*x - 240. Let q = 107 - r. What is the remainder when 93 is divided by q?
29
Let g(v) = -v**2 - 11*v - 19. Let k be g(-8). Suppose -93 = -k*a - 18. Calculate the remainder when a is divided by 10.
5
Suppose -154 - 237 = -17*v. Let o(h) be the third derivative of h**5/60 + h**4/8 - h**3 - 5*h**2. Calculate the remainder when v is divided by o(-6).
11
Let o(w) = -55*w - 561. What is the remainder when o(-12) is divided by 10?
9
Suppose 2*p - 7 = r - 2*r, -3*r - 4*p + 29 = 0. What is the remainder when (r + 2 - 4) + 1 is divided by 3?
2
Suppose -2588*t + 2590*t - 24 = 0. What is the remainder when 93 is divided by t?
9
Let w(x) = 2*x - 8 + 10 + 9. Let z(j) = j + 10. Let c be z(-5). What is the remainder when w(c) is divided by 6?
3
Suppose -3*o + o + 6 = 0. Suppose -o*v - 6 + 66 = 0. Suppose 0 = 2*r, 0*a - 5*r = a - v. Calculate the remainder when a is divided by 11.
9
Suppose -r - 65 + 207 = 3*p, 0 = -r - 4*p + 137. What is the remainder when r is divided by 16?
13
Suppose 2870 + 1468 = 9*k. Calculate the remainder when k is divided by 69.
68
Let d(h) = -h**2 + 8*h + 17. Let j be d(12). Let i = 51 + j. What is the remainder when 78 is divided by i?
18
Let b = 9 + -16. Let i(w) = -3*w**3 - 2*w**2 + 5*w + 7. Let u be i(-2). Let m = u + b. What is the remainder when m is divided by 3?
0
Suppose -j - 5*x = -10*x - 22, 3*j - x - 94 = 0. Calculate the remainder when 127 is divided by j.
31
Suppose 2*b + 2*b = 4. Let k = b - -17. What is the remainder when 4/16 + (-139)/(-4) is divided by k?
17
Let y(x) = -x**3 + 8*x**2 - 2*x - 5. Suppose -2*b - 2*v = 2*b - 100, 3*v - 123 = -5*b. What is the remainder when y(4) is divided by b?
24
Calculate the remainder when 29 is divided by 1710/85 - (-10)/(-85).
9
Suppose 3*j = 65 + 25. Let p be (-20)/j - 2/(-3). Suppose 0 = 4*l - p*l + 2*s - 210, -2*l + 4*s + 100 = 0. Calculate the remainder when l is divided by 14.
10
Suppose 58*a - 55 = 2091. What is the remainder when 149 is divided by a?
1
Let c = -58 - -89. Let x = -5479 - -5539. What is the remainder when x is divided by c?
29
Suppose 36*s - 4135 = 11921. What is the remainder when s is divided by 90?
86
Suppose 0 = 3*g + 4*m - 117, -4*g = 2*m + 2*m - 152. Suppose -5*z - 40 = -2*q + 3, 0 = 4*q - z - 77. What is the remainder when g is divided by q?
16
Let j = -1310 + 1319. Let t be 0/1 + (6 - 0). Let n(z) = z**3 - 4*z**2 - 8*z. Calculate the remainder when n(t) is divided by j.
6
Let g(x) = 35*x - 4. Let p be g(6). Suppose p = -2*i + 2*n, 2*n = -4*i + 46 - 470. Let k = 151 + i. Calculate the remainder when k is divided by 12.
10
Calculate the remainder when 168 is divided by ((-6)/4)/((-595)/580 - -1).
52
Let b(f) = -f**2 - 43*f - 184. Suppose 5*w - 6*w = -16. Calculate the remainder when w is divided by b(-5).
4
What is the remainder when 98 is divided by 2/(1 - 0) + 30 - 1?
5
What is the remainder when 1311 is divided by ((-441)/(-98))/((-6)/(-8))?
3
Let x(o) be the second derivative of -1/12*o**4 + 13/2*o**2 + 12*o + 0 + 1/6*o**3. Calculate the remainder when x(0) is divided by 8.
5
Calculate the remainder when 93 is divided by ((-34)/4)/(27/(-108)).
25
Let j = 347 - 170. Suppose 4*z + 3*v = 142, 4*v = -0*z - 5*z + j. Calculate the remainder when z is divided by 2.
1
Let x(j) = j**2 + 2*j - 14. What is the remainder when 62 is divided by x(5)?
20
Let x(d) = -31*d + 4. Let u(z) = -62*z + 7. Let m(r) = 6*u(r) - 11*x(r). Calculate the remainder when m(-2) is divided by 13.
8
Calculate the remainder when (-5)/(10/16)*(-966)/56 is divided by 5.
3
Let m(a) = -11*a + 2. Let f be m(2). Let v = 22 + f. Suppose 5*n - 24 = c, n = -v*n - 3*c. What is the remainder when 9 is divided by n?
1
Suppose 0 = -7*c + 1021 + 190. What is the remainder when c is divided by 44?
41
Suppose 19*s = -14*s + 1089. Calculate the remainder when 40 is divided by s.
7
Suppose 0 = z - 4*z. Suppose z = -2*l - 2*v + 64, 2*l - 2*v = -5*v + 69. Let g = l - 21. Calculate the remainder when g is divided by 3.
0
Suppose -3*j + 13 = 112. Let s = j - -49. What is the remainder when 77 is divided by s?
13
Let k(w) = -4*w + 4. Let n be k(3). Let i = n - -1. Let q = -1 - i. What is the remainder when q is divided by 3?
0
Let y = -380 + 551. Let z = -156 + y. What is the remainder when ((-58)/4)/((-2)/4) is divided by z?
14
Let p(d) = d**3 - 12*d**2 + d - 10. Let c be p(12). Suppose 0 = 2*x - 5*x + 39. Calculate the remainder when x is divided by (c - 11/2)*-2.
6
Suppose 4*f + 41 = u, 0 = -0*f + f - 2. What is the remainder when u is divided by 24?
1
Let i = -2892 + 3011. Calculate the remainder when 354 is divided by i.
116
Suppose -19*t = -73 - 1314. Suppose -5*a - z = 2*z - 90, 4*a - 2*z - 50 = 0. What is the remainder when t is divided by a?
13
Suppose 4*o = 44 + 8. What is the remainder when o is divided by 4 + (-7)/(14/(-6))?
6
Let s(m